?
-227141
In base 14, what is 37d2 - -36bb?
70ad
In base 2, what is 1110010100001111111010 + 100?
1110010100001111111110
In base 4, what is 12221203 + 11130001?
30011210
In base 10, what is -1509 - 8240?
-9749
In base 7, what is 0 + -55401241?
-55401241
In base 3, what is -121021000020021 - 1211?
-121021000022002
In base 12, what is -64ab18 + 0?
-64ab18
In base 7, what is -24 + 10053311?
10053254
In base 9, what is -34143378 + -1?
-34143380
In base 13, what is 1397 + a94bb?
aa885
In base 6, what is 214111004 - -125?
214111133
In base 7, what is -4 - 116455535?
-116455542
In base 14, what is 47 + -da6ca?
-da683
In base 11, what is -14 + -3a209?
-3a222
In base 3, what is -111011010122 + 102?
-111011010020
In base 4, what is 11 - 1100111232211?
-1100111232200
In base 12, what is 111 + -4b28?
-4a17
In base 5, what is 2 - -40430110401?
40430110403
In base 12, what is 2a + 591812?
591840
In base 15, what is -37 + -128ca?
-12912
In base 14, what is 83a - -1b56?
2592
In base 10, what is -26689570 + -1?
-26689571
In base 10, what is -350415 - 372?
-350787
In base 8, what is 3 + 444676046?
444676051
In base 16, what is -ac7fe + 1?
-ac7fd
In base 2, what is -11110000000001 - 11001000001110?
-110111000001111
In base 14, what is -638 - -11da?
9a2
In base 5, what is -10 - 10144221330?
-10144221340
In base 7, what is -6 + 336233?
336224
In base 5, what is 0 - 144302310132?
-144302310132
In base 12, what is 1508882 - 3?
150887b
In base 10, what is 695561 - -3?
695564
In base 11, what is -37075 - -1839?
-35337
In base 3, what is 20212200101020210 + 10?
20212200101020220
In base 13, what is -a20 - 5ab9?
-6809
In base 5, what is 31341 + -11230424?
-11144033
In base 12, what is 50 + -6591aa?
-65915a
In base 5, what is 233431133 - 41?
233431042
In base 4, what is -330302332 - -12130?
-330230202
In base 4, what is -3133 + -1330233030?
-1330302223
In base 9, what is -10 + -451820?
-451830
In base 2, what is 100101000011110 - -111110100?
100110000010010
In base 11, what is -82 - 1436344?
-1436416
In base 14, what is 41 + -49732?
-496d1
In base 7, what is 36 + -14500030?
-14466661
In base 10, what is -2886 - -16914?
14028
In base 16, what is -2e4e1 - 21?
-2e502
In base 11, what is 26 + -6641a7?
-664181
In base 11, what is 2931 + -22094?
-1a263
In base 6, what is 2 + 2312132440?
2312132442
In base 10, what is 387 + -25725?
-25338
In base 9, what is -26001 - 350?
-26351
In base 14, what is a5bb6 - -13?
a5bc9
In base 11, what is 90 - 266058?
-265a78
In base 8, what is -5213363 + 1?
-5213362
In base 4, what is -11 + -32231031231?
-32231031302
In base 12, what is 3187a11b - 5?
3187a116
In base 2, what is 11000101000001 - -100110010?
11001001110011
In base 14, what is -3319 - d13?
-422c
In base 14, what is -1c47a7 + 18?
-1c478d
In base 16, what is 959 + 1862?
21bb
In base 14, what is -64017 - 33?
-6404a
In base 11, what is -4 + -690295?
-690299
In base 12, what is -5 - 33b635?
-33b63a
In base 11, what is -40565 + 6?
-4055a
In base 9, what is 26434541 + -5?
26434535
In base 2, what is 11 + 100101010101001101101001?
100101010101001101101100
In base 14, what is -14d82986 + 3?
-14d82983
In base 14, what is -2ab - -352?
85
In base 3, what is 12 + 12202220010100?
12202220010112
In base 7, what is 3 - -426566253?
426566256
In base 15, what is -80 - 8e09?
-8e89
In base 11, what is 20 + -647251?
-647231
In base 13, what is -140538a - -67?
-1405323
In base 16, what is f1 - -7312?
7403
In base 9, what is 1 + -2214400?
-2214388
In base 14, what is 1728 - c1b?
90b
In base 5, what is 104 + 20302001014?
20302001123
In base 8, what is -1561715 + -5371?
-1567306
In base 12, what is -5232947 - 2?
-5232949
In base 4, what is -312000210013 + 22?
-312000203331
In base 4, what is 100 - -103321010313?
103321011013
In base 9, what is -1158704 + 71?
-1158623
In base 16, what is 139b - -67e3?
7b7e
In base 4, what is -11 + 30322000012?
30322000001
In base 5, what is 104340100413 + -3?
104340100410
In base 10, what is -3069190 + 1?
-3069189
In base 11, what is -1 - a72771?
-a72772
In base 5, what is 3101 - -404441?
413042
In base 9, what is 245217208 + 2?
245217211
In base 8, what is -4417571 + 5?
-4417564
In base 4, what is 211232 - 20200?
131032
In base 3, what is 22211012 + 2001221?
101220010
In base 8, what is 522 - -337372?
340114
In base 6, what is -43333 + -1132?
-44505
In base 4, what is 231101301 + 11?
231101312
In base 15, what is 1b + 1d996c?
1d9988
In base 5, what is -4000311044 - -4?
-4000311040
In base 6, what is -2 - -1310134134?
1310134132
In base 5, what is 123000030333 - -4?
123000030342
In base 10, what is -638 + -23677?
-24315
In base 11, what is -2aa - -56491?
56192
In base 12, what is 4 - 11677845?
-11677841
In base 6, what is -10230 + -145144?
-155414
In base 7, what is 16323254 - -1?
16323255
In base 12, what is -61 + -25b47?
-25ba8
In base 5, what is -21221123 + 11000?
-21210123
In base 2, what is -10110000001 - -10011110001101?
10001000001100
In base 5, what is 34 + -200113010?
-200112421
In base 9, what is -1167 - -628?
-438
In base 5, what is 11310201 + -30?
11310121
In base 16, what is -f13f66e - 2?
-f13f670
In base 7, what is -213150626 + -4?
-213150633
In base 10, what is -792029148 + 4?
-792029144
In base 9, what is 635456 + -1843?
633513
In base 12, what is -123 - 338809?
-338930
In base 11, what is -249 - -21607?
21369
In base 12, what is -6 - 175a79?
-175a83
In base 8, what is 36 + 1153133?
1153171
In base 15, what is 5 + -150e174e?
-150e1749
In base 4, what is 2113210213 - 301?
2113203312
In base 3, what is -1202 + -12110000201221?
-12110000210200
In base 2, what is -110001011 + -111111100000101?
-1000000010010000
In base 13, what is -82 - 32c75?
-33027
In base 2, what is 10110111000010110001010110 + -101?
10110111000010110001010001
In base 11, what is -6056672 - 4?
-6056676
In base 13, what is 2119508 - -5?
2119510
In base 15, what is 180cb - -85?
18161
In base 7, what is 4 + -36234452?
-36234445
In base 9, what is -27068 - 111?
-27180
In base 11, what is -2a59611 + 38?
-2a59584
In base 9, what is 18515 - 37?
18467
In base 8, what is 5 - 12512762?
-12512755
In base 4, what is 113301333100 - 2?
113301333032
In base 3, what is -1012102022 + -1011?
-1012110110
In base 5, what is 11240413002 - 30?
11240412422
In base 3, what is -1002120010021011 + 0?
-1002120010021011
In base 12, what is 1a248 - 197?
1a071
In base 11, what is -27a + 11a292?
11a013
In base 4, what is -3 - 11300103102?
-11300103111
In base 11, what is 288 - -72290?
72568
In base 7, what is 1 + 10521016445?
10521016446
In base 2, what is 1100111010110 + 11110110000?
10000110000110
In base 3, what is -101120020011 + 12?
-101120012222
In base 2, what is 11010000011111010111110 - -100001?
11010000011111011011111
In base 16, what is -5aad5 - 16?
-5aaeb
In base 3, what is 11120200 + 1002102210?
1021000110
In base 2, what is -10 + -1101100111011110010111?
-1101100111011110011001
In base 6, what is 2 + 1353311120?
1353311122
In base 13, what is -3481944 - 0?
-3481944
In base 6, what is -42 + -11502151?
-11502233
In base 5, what is 3240404412314 - -10?
3240404412324
In base 15, what is 8 - -c724e2?
c724ea
In base 14, what is -2 - 2a11b2d?
-2a11b31
In base 8, what is 646476 + -32?
646444
In base 16, what is -4 + -25ef7e6?
-25ef7ea
In base 8, what is 724667723 - 2?
724667721
In base 8, what is 4 + -77120331?
-77120325
In base 6, what is -1 - 10332334135?
-10332334140
In base 8, what is 0 + -425516371?
-425516371
In base 12, what is 9b40 - 54?
9aa8
In base 6, what is -1 + -1050434434?
-1050434435
In base 9, what is -86 - 737370?
-737466
In base 8, what is 163 + -21474176?
-21474013
In base 8, what is 1042074100 + -4?
1042074074
In base 12, what is 326a76 - -64?
326b1a
In base 15, what is de + -90742?
-90653
In base 3, what is 202112 - 102212210100?
-102212000211
In base 11, what is 9a246 - 2342?
97a04
In base 10, what is 1101 + 41076?
42177
In base 11, what is -4 - 7663a7?
-766400
In base 16, what is -2 + -6eb1b98?
-6eb1b9a
In base 2, what is 1000111001 + -101110101111?
-100101110110
In base 5, what is -23302134443 + -3?
-23302140001
In base 7, what is 3 - 1451062?
-1451056
In base 9, what is 507701 - -3224?
512025
In base 13, what is 62b75 + -6?
62b6c
In base 2, what is 1011110111101100000 - 1111010?
101111011